{"id":6727,"date":"2022-01-24T09:13:19","date_gmt":"2022-01-24T09:13:19","guid":{"rendered":"https:\/\/www.ikvet.lv\/?page_id=6727"},"modified":"2026-03-04T16:18:00","modified_gmt":"2026-03-04T16:18:00","slug":"laboratoriskie-izmeklejumi","status":"publish","type":"page","link":"https:\/\/www.ikvet.lv\/?page_id=6727","title":{"rendered":"Laboratoriskie izmekl\u0113jumi"},"content":{"rendered":"\r\n<p>Asins parauga no\u0146em\u0161ana, sagatavo\u0161ana \u20ac 15.00<br \/>Hematolo\u0123ija \u20ac 9.00<\/p>\r\n<p>Asins uztriepe: \u20ac 17.00<\/p>\r\n\r\n\r\n\r\n<p><strong>Bio\u0137\u012bmija:<\/strong><br \/>Diagnostika Plus panelis \u20ac 40.00<br \/>Aknu+\/nieru\/preanest\u0113zijas panelis \u20ac 28.50<br \/>Vairogdziedzera izmekl\u0113jums T4 ka\u0137im\/ T4 +TSH sunim \u20ac 26.00\/47.00<br \/>Progesterons \u20ac 20.00<br \/>Zemas devas deksametazona tests\/ AKTH stimul\u0101cijas tests \u20ac 85.00\/75.00<\/p>\r\n\r\n\r\n\r\n<p><strong>Ur\u012bna anal\u012bze:<\/strong><br \/>Bl\u012bvums, strips, sedimenta mikroskopija \u20ac 18.00<\/p>\r\n<p><strong>Citolo\u0123isk\u0101 izmekl\u0113\u0161ana:<\/strong><\/p>\r\n<p>Citolo\u0123ija no veidojuma \u20ac 40.00<\/p>\r\n<p>Citolo\u0123ija \u0101dai \u20ac 22.00<\/p>\r\n<p>&nbsp;<\/p>\r\n","protected":false},"excerpt":{"rendered":"<p>Asins parauga no\u0146em\u0161ana, sagatavo\u0161ana \u20ac 15.00Hematolo\u0123ija \u20ac 9.00 Asins uztriepe: \u20ac 17.00 Bio\u0137\u012bmija:Diagnostika Plus panelis \u20ac 40.00Aknu+\/nieru\/preanest\u0113zijas panelis \u20ac 28.50Vairogdziedzera izmekl\u0113jums T4 ka\u0137im\/ T4 +TSH sunim \u20ac 26.00\/47.00Progesterons \u20ac 20.00Zemas devas deksametazona tests\/ AKTH stimul\u0101cijas tests \u20ac 85.00\/75.00 Ur\u012bna anal\u012bze:Bl\u012bvums, strips, sedimenta mikroskopija \u20ac 18.00 Citolo\u0123isk\u0101 izmekl\u0113\u0161ana: Citolo\u0123ija no veidojuma \u20ac 40.00 Citolo\u0123ija \u0101dai \u20ac &hellip; <\/p>\n<p class=\"link-more\"><a href=\"https:\/\/www.ikvet.lv\/?page_id=6727\" class=\"more-link\">Read more<span class=\"screen-reader-text\"> &#8220;Laboratoriskie izmekl\u0113jumi&#8221;<\/span><\/a><\/p>\n","protected":false},"author":1,"featured_media":0,"parent":0,"menu_order":0,"comment_status":"closed","ping_status":"closed","template":"","meta":{"footnotes":""},"class_list":["post-6727","page","type-page","status-publish","hentry"],"_links":{"self":[{"href":"https:\/\/www.ikvet.lv\/index.php?rest_route=\/wp\/v2\/pages\/6727","targetHints":{"allow":["GET"]}}],"collection":[{"href":"https:\/\/www.ikvet.lv\/index.php?rest_route=\/wp\/v2\/pages"}],"about":[{"href":"https:\/\/www.ikvet.lv\/index.php?rest_route=\/wp\/v2\/types\/page"}],"author":[{"embeddable":true,"href":"https:\/\/www.ikvet.lv\/index.php?rest_route=\/wp\/v2\/users\/1"}],"replies":[{"embeddable":true,"href":"https:\/\/www.ikvet.lv\/index.php?rest_route=%2Fwp%2Fv2%2Fcomments&post=6727"}],"version-history":[{"count":8,"href":"https:\/\/www.ikvet.lv\/index.php?rest_route=\/wp\/v2\/pages\/6727\/revisions"}],"predecessor-version":[{"id":7216,"href":"https:\/\/www.ikvet.lv\/index.php?rest_route=\/wp\/v2\/pages\/6727\/revisions\/7216"}],"wp:attachment":[{"href":"https:\/\/www.ikvet.lv\/index.php?rest_route=%2Fwp%2Fv2%2Fmedia&parent=6727"}],"curies":[{"name":"wp","href":"https:\/\/api.w.org\/{rel}","templated":true}]}}